{"id":1457,"date":"2021-09-21T14:12:06","date_gmt":"2021-09-21T14:12:06","guid":{"rendered":"https:\/\/grupotorrescenter.ao\/?page_id=1457"},"modified":"2024-08-14T10:12:35","modified_gmt":"2024-08-14T10:12:35","slug":"grupo-edgar-fran-seguranca-privada","status":"publish","type":"page","link":"https:\/\/grupotorrescenter.ao\/index.php\/grupo-edgar-fran-seguranca-privada\/","title":{"rendered":"GRUPO EDGAR-FRAN &#8211; Seguran\u00e7a privada"},"content":{"rendered":"\t\t<div data-elementor-type=\"wp-page\" data-elementor-id=\"1457\" class=\"elementor elementor-1457\">\n\t\t\t\t\t\t<section class=\"elementor-section elementor-top-section elementor-element elementor-element-4e97628 elementor-section-boxed elementor-section-height-default elementor-section-height-default\" data-id=\"4e97628\" data-element_type=\"section\">\n\t\t\t\t\t\t<div class=\"elementor-container elementor-column-gap-default\">\n\t\t\t\t\t<div class=\"elementor-column elementor-col-100 elementor-top-column elementor-element elementor-element-1fc60b5\" data-id=\"1fc60b5\" data-element_type=\"column\">\n\t\t\t<div class=\"elementor-widget-wrap\">\n\t\t\t\t\t\t\t<\/div>\n\t\t<\/div>\n\t\t\t\t\t<\/div>\n\t\t<\/section>\n\t\t\t\t<section class=\"elementor-section elementor-top-section elementor-element elementor-element-cf336e2 elementor-section-full_width elementor-section-height-min-height elementor-section-stretched elementor-section-height-default elementor-section-items-middle\" data-id=\"cf336e2\" data-element_type=\"section\" data-settings=\"{&quot;background_background&quot;:&quot;classic&quot;,&quot;stretch_section&quot;:&quot;section-stretched&quot;}\">\n\t\t\t\t\t\t\t<div class=\"elementor-background-overlay\"><\/div>\n\t\t\t\t\t\t\t<div class=\"elementor-container elementor-column-gap-default\">\n\t\t\t\t\t<div class=\"elementor-column elementor-col-100 elementor-top-column elementor-element elementor-element-90e329c\" data-id=\"90e329c\" data-element_type=\"column\">\n\t\t\t<div class=\"elementor-widget-wrap elementor-element-populated\">\n\t\t\t\t\t\t<div class=\"elementor-element elementor-element-cfe5a32 elementor-widget elementor-widget-heading\" data-id=\"cfe5a32\" data-element_type=\"widget\" data-settings=\"{&quot;ekit_we_effect_on&quot;:&quot;none&quot;}\" data-widget_type=\"heading.default\">\n\t\t\t\t<div class=\"elementor-widget-container\">\n\t\t\t\t\t<h2 class=\"elementor-heading-title elementor-size-default\">EDGAR FRAN -DIVIS\u00c3O DE SEGURAN\u00c7A PRIVADA<\/h2>\t\t\t\t<\/div>\n\t\t\t\t<\/div>\n\t\t\t\t\t<\/div>\n\t\t<\/div>\n\t\t\t\t\t<\/div>\n\t\t<\/section>\n\t\t\t\t<section class=\"elementor-section elementor-top-section elementor-element elementor-element-c022d81 elementor-section-boxed elementor-section-height-default elementor-section-height-default\" data-id=\"c022d81\" data-element_type=\"section\">\n\t\t\t\t\t\t<div class=\"elementor-container elementor-column-gap-default\">\n\t\t\t\t\t<div class=\"elementor-column elementor-col-50 elementor-top-column elementor-element elementor-element-073749f\" data-id=\"073749f\" data-element_type=\"column\">\n\t\t\t<div class=\"elementor-widget-wrap elementor-element-populated\">\n\t\t\t\t\t\t<div class=\"elementor-element elementor-element-8d70ac9 elementor-widget elementor-widget-heading\" data-id=\"8d70ac9\" data-element_type=\"widget\" data-settings=\"{&quot;ekit_we_effect_on&quot;:&quot;none&quot;}\" data-widget_type=\"heading.default\">\n\t\t\t\t<div class=\"elementor-widget-container\">\n\t\t\t\t\t<h2 class=\"elementor-heading-title elementor-size-default\">SOBRE N\u00d3S<\/h2>\t\t\t\t<\/div>\n\t\t\t\t<\/div>\n\t\t\t\t<div class=\"elementor-element elementor-element-8944e60 elementor-widget-divider--view-line elementor-widget elementor-widget-divider\" data-id=\"8944e60\" data-element_type=\"widget\" data-settings=\"{&quot;ekit_we_effect_on&quot;:&quot;none&quot;}\" data-widget_type=\"divider.default\">\n\t\t\t\t<div class=\"elementor-widget-container\">\n\t\t\t\t\t\t\t<div class=\"elementor-divider\">\n\t\t\t<span class=\"elementor-divider-separator\">\n\t\t\t\t\t\t<\/span>\n\t\t<\/div>\n\t\t\t\t\t\t<\/div>\n\t\t\t\t<\/div>\n\t\t\t\t<div class=\"elementor-element elementor-element-2d56a65 elementor-drop-cap-yes elementor-drop-cap-view-default elementor-widget elementor-widget-text-editor\" data-id=\"2d56a65\" data-element_type=\"widget\" data-settings=\"{&quot;drop_cap&quot;:&quot;yes&quot;,&quot;ekit_we_effect_on&quot;:&quot;none&quot;}\" data-widget_type=\"text-editor.default\">\n\t\t\t\t<div class=\"elementor-widget-container\">\n\t\t\t\t\t\t\t\t\t<p><span style=\"color: #000000;\"><strong>Edgar Fran &#8211; Divis\u00e3o de Seguran\u00e7a Privada:<\/strong><\/span> \u00c9 uma empresa de direito angolano, que existe no mercado a mais de 7 (Sete ) anos, com o objecto social na presta\u00e7\u00e3o de servi\u00e7o na \u00e1rea de vigil\u00e2ncia, seguran\u00e7a patrimonial, nas mais diversas vertentes (F\u00edsica, Eletr\u00f3nica, El\u00e9trica etc.). Estamos situados na cidade de Luanda, Munic\u00edpios de Viana, Bairro 4o de Abril, Casa n. 29, contribuinte n. 5417303828<\/p><p>Os pre\u00e7os do nosso servi\u00e7o \u00e9 de <strong><span style=\"color: #000000;\"><em><u>AKZ 90.000.00 (Noventa Mil Kwanzas)<\/u><\/em>,<\/span><\/strong> por cada colaborador afecto ao posto, incluindo despesas de alimenta\u00e7\u00e3o, transporte e comunica\u00e7\u00e3o.<\/p><p>Os nossos colaboradores trabalham uniformizados de acordo com o perfil e a necessidade de exig\u00eancia do posto de trabalho, cal\u00e7a preta, sapato preto camisa branca, bon\u00e9 preto, gravata vermelha, fitas pretas.<\/p><p>\u00a0Meios, Arma de fogo do tipo Akm, Porrete, Radio de Comunica\u00e7\u00e3o Lanterna.<\/p><p><span style=\"color: #777777; font-family: Poppins; font-size: 0.9rem;\">Os Pre\u00e7os de protec\u00e7\u00e3o de seguran\u00e7a poder\u00e3o sofrer ajustamentos de acordo com a situa\u00e7\u00e3o real ou exig\u00eancias do mercado. <\/span>Ciente de que a presente n\u00e3o deixar\u00e1 de merecer uma aten\u00e7\u00e3o especial da vossa parte, colocamos a disposi\u00e7\u00e3o para qualquer esclarecimento adicional<\/p>\t\t\t\t\t\t\t\t<\/div>\n\t\t\t\t<\/div>\n\t\t\t\t<div class=\"elementor-element elementor-element-70bcfba elementor-widget elementor-widget-button\" data-id=\"70bcfba\" data-element_type=\"widget\" data-settings=\"{&quot;ekit_we_effect_on&quot;:&quot;none&quot;}\" data-widget_type=\"button.default\">\n\t\t\t\t<div class=\"elementor-widget-container\">\n\t\t\t\t\t\t\t\t\t<div class=\"elementor-button-wrapper\">\n\t\t\t\t\t<a class=\"elementor-button elementor-button-link elementor-size-lg\" href=\"https:\/\/grupotorrescenter.ao\/index.php\/contactos\/\">\n\t\t\t\t\t\t<span class=\"elementor-button-content-wrapper\">\n\t\t\t\t\t\t<span class=\"elementor-button-icon\">\n\t\t\t\t<i aria-hidden=\"true\" class=\"fas fa-long-arrow-alt-right\"><\/i>\t\t\t<\/span>\n\t\t\t\t\t\t\t\t\t<span class=\"elementor-button-text\">Contacte-Nos<\/span>\n\t\t\t\t\t<\/span>\n\t\t\t\t\t<\/a>\n\t\t\t\t<\/div>\n\t\t\t\t\t\t\t\t<\/div>\n\t\t\t\t<\/div>\n\t\t\t\t\t<\/div>\n\t\t<\/div>\n\t\t\t\t<div class=\"elementor-column elementor-col-50 elementor-top-column elementor-element elementor-element-bc30afc\" data-id=\"bc30afc\" data-element_type=\"column\">\n\t\t\t<div class=\"elementor-widget-wrap elementor-element-populated\">\n\t\t\t\t\t\t<div class=\"elementor-element elementor-element-d99d522 elementor-widget elementor-widget-image\" data-id=\"d99d522\" data-element_type=\"widget\" data-settings=\"{&quot;ekit_we_effect_on&quot;:&quot;none&quot;}\" data-widget_type=\"image.default\">\n\t\t\t\t<div class=\"elementor-widget-container\">\n\t\t\t\t\t\t\t\t\t\t\t\t\t\t\t<img fetchpriority=\"high\" decoding=\"async\" width=\"681\" height=\"368\" src=\"https:\/\/grupotorrescenter.ao\/wp-content\/uploads\/2021\/09\/Logo2.jpg\" class=\"attachment-large size-large wp-image-1387\" alt=\"\" srcset=\"https:\/\/grupotorrescenter.ao\/wp-content\/uploads\/2021\/09\/Logo2.jpg 681w, https:\/\/grupotorrescenter.ao\/wp-content\/uploads\/2021\/09\/Logo2-300x162.jpg 300w\" sizes=\"(max-width: 681px) 100vw, 681px\" \/>\t\t\t\t\t\t\t\t\t\t\t\t\t\t\t<\/div>\n\t\t\t\t<\/div>\n\t\t\t\t\t<\/div>\n\t\t<\/div>\n\t\t\t\t\t<\/div>\n\t\t<\/section>\n\t\t\t\t<\/div>\n\t\t","protected":false},"excerpt":{"rendered":"<p>EDGAR FRAN -DIVIS\u00c3O DE SEGURAN\u00c7A PRIVADA SOBRE N\u00d3S Edgar Fran &#8211; Divis\u00e3o de Seguran\u00e7a Privada: \u00c9 uma empresa de direito angolano, que existe no mercado a mais de 7 (Sete ) anos, com o objecto social na presta\u00e7\u00e3o de servi\u00e7o na \u00e1rea de vigil\u00e2ncia, seguran\u00e7a patrimonial, nas mais diversas vertentes [&hellip;]<\/p>\n","protected":false},"author":1,"featured_media":0,"parent":0,"menu_order":0,"comment_status":"closed","ping_status":"closed","template":"","meta":{"footnotes":""},"class_list":["post-1457","page","type-page","status-publish","hentry"],"_links":{"self":[{"href":"https:\/\/grupotorrescenter.ao\/index.php\/wp-json\/wp\/v2\/pages\/1457","targetHints":{"allow":["GET"]}}],"collection":[{"href":"https:\/\/grupotorrescenter.ao\/index.php\/wp-json\/wp\/v2\/pages"}],"about":[{"href":"https:\/\/grupotorrescenter.ao\/index.php\/wp-json\/wp\/v2\/types\/page"}],"author":[{"embeddable":true,"href":"https:\/\/grupotorrescenter.ao\/index.php\/wp-json\/wp\/v2\/users\/1"}],"replies":[{"embeddable":true,"href":"https:\/\/grupotorrescenter.ao\/index.php\/wp-json\/wp\/v2\/comments?post=1457"}],"version-history":[{"count":28,"href":"https:\/\/grupotorrescenter.ao\/index.php\/wp-json\/wp\/v2\/pages\/1457\/revisions"}],"predecessor-version":[{"id":2093,"href":"https:\/\/grupotorrescenter.ao\/index.php\/wp-json\/wp\/v2\/pages\/1457\/revisions\/2093"}],"wp:attachment":[{"href":"https:\/\/grupotorrescenter.ao\/index.php\/wp-json\/wp\/v2\/media?parent=1457"}],"curies":[{"name":"wp","href":"https:\/\/api.w.org\/{rel}","templated":true}]}}

GRUPO EDGAR-FRAN &#8211; Segurança privada

<div data-elementor-type="wp-page" data-elementor-id="1457" class="elementor elementor-1457">
						<section class="elementor-section elementor-top-section elementor-element elementor-element-4e97628 elementor-section-boxed elementor-section-height-default elementor-section-height-default" data-id="4e97628" data-element_type="section">
						<div class="elementor-container elementor-column-gap-default">
					<div class="elementor-column elementor-col-100 elementor-top-column elementor-element elementor-element-1fc60b5" data-id="1fc60b5" data-element_type="column">
			<div class="elementor-widget-wrap">
							</div>
		</div>
					</div>
		</section>
				<section class="elementor-section elementor-top-section elementor-element elementor-element-cf336e2 elementor-section-full_width elementor-section-height-min-height elementor-section-stretched elementor-section-height-default elementor-section-items-middle" data-id="cf336e2" data-element_type="section" data-settings="{&quot;background_background&quot;:&quot;classic&quot;,&quot;stretch_section&quot;:&quot;section-stretched&quot;}">
							<div class="elementor-background-overlay"></div>
							<div class="elementor-container elementor-column-gap-default">
					<div class="elementor-column elementor-col-100 elementor-top-column elementor-element elementor-element-90e329c" data-id="90e329c" data-element_type="column">
			<div class="elementor-widget-wrap elementor-element-populated">
						<div class="elementor-element elementor-element-cfe5a32 elementor-widget elementor-widget-heading" data-id="cfe5a32" data-element_type="widget" data-settings="{&quot;ekit_we_effect_on&quot;:&quot;none&quot;}" data-widget_type="heading.default">
				<div class="elementor-widget-container">
					<h2 class="elementor-heading-title elementor-size-default">EDGAR FRAN -DIVISÃO DE SEGURANÇA PRIVADA</h2>				</div>
				</div>
					</div>
		</div>
					</div>
		</section>
				<section class="elementor-section elementor-top-section elementor-element elementor-element-c022d81 elementor-section-boxed elementor-section-height-default elementor-section-height-default" data-id="c022d81" data-element_type="section">
						<div class="elementor-container elementor-column-gap-default">
					<div class="elementor-column elementor-col-50 elementor-top-column elementor-element elementor-element-073749f" data-id="073749f" data-element_type="column">
			<div class="elementor-widget-wrap elementor-element-populated">
						<div class="elementor-element elementor-element-8d70ac9 elementor-widget elementor-widget-heading" data-id="8d70ac9" data-element_type="widget" data-settings="{&quot;ekit_we_effect_on&quot;:&quot;none&quot;}" data-widget_type="heading.default">
				<div class="elementor-widget-container">
					<h2 class="elementor-heading-title elementor-size-default">SOBRE NÓS</h2>				</div>
				</div>
				<div class="elementor-element elementor-element-8944e60 elementor-widget-divider--view-line elementor-widget elementor-widget-divider" data-id="8944e60" data-element_type="widget" data-settings="{&quot;ekit_we_effect_on&quot;:&quot;none&quot;}" data-widget_type="divider.default">
				<div class="elementor-widget-container">
							<div class="elementor-divider">
			<span class="elementor-divider-separator">
						</span>
		</div>
						</div>
				</div>
				<div class="elementor-element elementor-element-2d56a65 elementor-drop-cap-yes elementor-drop-cap-view-default elementor-widget elementor-widget-text-editor" data-id="2d56a65" data-element_type="widget" data-settings="{&quot;drop_cap&quot;:&quot;yes&quot;,&quot;ekit_we_effect_on&quot;:&quot;none&quot;}" data-widget_type="text-editor.default">
				<div class="elementor-widget-container">
									<p><span style="color: #000000;"><strong>Edgar Fran &#8211; Divisão de Segurança Privada:</strong></span> É uma empresa de direito angolano, que existe no mercado a mais de 7 (Sete ) anos, com o objecto social na prestação de serviço na área de vigilância, segurança patrimonial, nas mais diversas vertentes (Física, Eletrónica, Elétrica etc.). Estamos situados na cidade de Luanda, Municípios de Viana, Bairro 4o de Abril, Casa n. 29, contribuinte n. 5417303828</p><p>Os preços do nosso serviço é de <strong><span style="color: #000000;"><em><u>AKZ 90.000.00 (Noventa Mil Kwanzas)</u></em>,</span></strong> por cada colaborador afecto ao posto, incluindo despesas de alimentação, transporte e comunicação.</p><p>Os nossos colaboradores trabalham uniformizados de acordo com o perfil e a necessidade de exigência do posto de trabalho, calça preta, sapato preto camisa branca, boné preto, gravata vermelha, fitas pretas.</p><p> Meios, Arma de fogo do tipo Akm, Porrete, Radio de Comunicação Lanterna.</p><p><span style="color: #777777; font-family: Poppins; font-size: 0.9rem;">Os Preços de protecção de segurança poderão sofrer ajustamentos de acordo com a situação real ou exigências do mercado. </span>Ciente de que a presente não deixará de merecer uma atenção especial da vossa parte, colocamos a disposição para qualquer esclarecimento adicional</p>								</div>
				</div>
				<div class="elementor-element elementor-element-70bcfba elementor-widget elementor-widget-button" data-id="70bcfba" data-element_type="widget" data-settings="{&quot;ekit_we_effect_on&quot;:&quot;none&quot;}" data-widget_type="button.default">
				<div class="elementor-widget-container">
									<div class="elementor-button-wrapper">
					<a class="elementor-button elementor-button-link elementor-size-lg" href="https://grupotorrescenter.ao/index.php/contactos/">
						<span class="elementor-button-content-wrapper">
						<span class="elementor-button-icon">
				<i aria-hidden="true" class="fas fa-long-arrow-alt-right"></i>			</span>
									<span class="elementor-button-text">Contacte-Nos</span>
					</span>
					</a>
				</div>
								</div>
				</div>
					</div>
		</div>
				<div class="elementor-column elementor-col-50 elementor-top-column elementor-element elementor-element-bc30afc" data-id="bc30afc" data-element_type="column">
			<div class="elementor-widget-wrap elementor-element-populated">
						<div class="elementor-element elementor-element-d99d522 elementor-widget elementor-widget-image" data-id="d99d522" data-element_type="widget" data-settings="{&quot;ekit_we_effect_on&quot;:&quot;none&quot;}" data-widget_type="image.default">
				<div class="elementor-widget-container">
															<img fetchpriority="high" decoding="async" width="681" height="368" src="https://grupotorrescenter.ao/wp-content/uploads/2021/09/Logo2.jpg" class="attachment-large size-large wp-image-1387" alt="" srcset="https://grupotorrescenter.ao/wp-content/uploads/2021/09/Logo2.jpg 681w, https://grupotorrescenter.ao/wp-content/uploads/2021/09/Logo2-300x162.jpg 300w" sizes="(max-width: 681px) 100vw, 681px" />															</div>
				</div>
					</div>
		</div>
					</div>
		</section>
				</div>

<p>EDGAR FRAN -DIVISÃO DE SEGURANÇA PRIVADA SOBRE NÓS Edgar Fran &#8211; Divisão de Segurança Privada: É uma empresa de direito angolano, que existe no mercado a mais de 7 (Sete ) anos, com o objecto social na prestação de serviço na área de vigilância, segurança patrimonial, nas mais diversas vertentes [&hellip;]</p>
